 = 5*v + 150. Let o = -2 - -3. Calculate the remainder when v/(o*(-9)/6) is divided by 7.
6
Let v(a) = -a - 1. Let j be v(-6). Let s be (0*2/4)/1. Suppose -2*z - h - 9 = -6*h, s = j*z + h - 18. What is the remainder when 4 is divided by z?
1
Let l(d) = -d - 6. Let h be -1 + (-2 - -1) + -4. Let v be l(h). Suppose v = -4*u + 1 + 7. Calculate the remainder when u is divided by 1.
0
Suppose 137 = 3*r - 5*h, -23 + 198 = 5*r + 5*h. Suppose 4*b - 3*w = 2*b + 26, -2*w - 24 = -2*b. Calculate the remainder when r is divided by b.
9
Let i = 10 - 5. Let c = i + -2. What is the remainder when 11 is divided by c?
2
Suppose 216 = -3*p - 2*p - 2*h, -4*p - 184 = -4*h. Let q = p - -77. Calculate the remainder when q is divided by ((-255)/9)/5*-3.
16
Suppose -11 + 61 = 2*n. What is the remainder when 99 is divided by n?
24
Let j = -204 + 217. What is the remainder when j is divided by 2/(-3)*(-12)/2?
1
Let t be 9 + -2 - (-2 - -4). Suppose o - 3*o - 10 = -2*z, -t = -3*o - z. Suppose l - 16 = -o*l. Calculate the remainder when l is divided by 9.
7
Suppose 2*k - 5 = 5. Suppose -k*g + 7 = -8. Calculate the remainder when 4 is divided by g.
1
Suppose 0*c - 1 = -3*z - 4*c, 3*c = -6. Suppose -z*a + 0*a = 30. Calculate the remainder when (-255)/(-11) + a/55 is divided by 6.
5
Let o = 6 + -4. Let r(q) = q**3 + q. Let d be r(1). Suppose 2*g = -v + 14, 0*g = o*g - 2*v - d. What is the remainder when 8 is divided by g?
3
What is the remainder when 17 is divided by (-2 - 4)*4/(-6)?
1
Let a = 158 - 296. Let h = 78 + a. Let o = -26 - h. What is the remainder when o is divided by 12?
10
Suppose -5*z = -m - 595, -5*m + 7 = -z + 126. What is the remainder when z is divided by 40?
39
Suppose 0 = u + 3*n - 17, -10 = 2*u + 3*u - 4*n. What is the remainder when u is divided by 1?
0
Let o(v) = -v - 7. Let y be o(-11). Let b(n) = -81*n**3. Let t be b(-1). Suppose -y*g + t = -23. Calculate the remainder when g is divided by 14.
12
Let y(k) = -2*k**2 + 6*k + 2. Let p be y(-4). Let w be p/(-10) + 4/(-10). Suppose 0*l = -l + w. What is the remainder when 9 is divided by l?
4
Suppose -15 = 2*n - 7*n. Calculate the remainder when 3 is divided by n.
0
Let c be (-4)/(2 - -14)*-8. Suppose 4*n - 271 = -5*x, 4*n + 2 = -c. Calculate the remainder when x is divided by 28.
27
Let y = 15 + -9. What is the remainder when 16 is divided by y?
4
Suppose -4*q = 2*d - 138, 0*d + 67 = 2*q + 3*d. Suppose -3*b + 41 + 37 = 4*z, -b + 56 = 3*z. Calculate the remainder when q is divided by z.
17
Let v = 50 + -30. Let i = v + -11. Let r = 23 - 7. What is the remainder when r is divided by i?
7
Let z(o) = o**2 + 11*o + 15. What is the remainder when z(-10) is divided by 2?
1
Calculate the remainder when 4 is divided by (-6)/(-51) - 196/(-68).
1
Let k(f) = f**3 - 6*f**2 + 6*f - 5. Let v be k(5). Suppose t + v*t - 2 = 0. Suppose 7*z = t*z + 45. What is the remainder when 16 is divided by z?
7
Let n = 94 + -78. Suppose -314 = -5*u - 3*r, 3*u + u - 247 = -r. Calculate the remainder when u is divided by n.
13
Suppose -i = -4*i - 279. Calculate the remainder when 2/4 - i/6 is divided by 6.
4
Let s = 1 - 4. Let r = 26 + s. What is the remainder when r is divided by 12?
11
Let x = -21 + 45. Let b be (2/(-4))/(1/(-2)). What is the remainder when x is divided by 13 - (b - (-1 + 2))?
11
What is the remainder when 49 is divided by ((-4)/2 + 3)/(3/57)?
11
Let f be (-1)/2*1*0. Suppose f = -3*a + 19 + 2. Calculate the remainder when 19 is divided by a.
5
Suppose c - 4 = 4*a, 2*c = 5*a - 2*a + 13. Calculate the remainder when c is divided by 8.
0
Suppose 0 = -i - 6. Let k be (i/(-4))/((-21)/(-28)). Calculate the remainder when ((-372)/18)/(k/(-3)) is divided by 16.
15
Suppose 3*f = -4*k + f + 6, -37 = -3*k + 5*f. Let h = 19 + -10. Calculate the remainder when h is divided by k.
1
Let b = 8 - -5. What is the remainder when b is divided by (10 - 8)/(4/14)?
6
Let c = -9 + 23. Let b(v) = -v**3 - v**2 + 4*v - 3. Let o be b(2). Let r = -2 - o. Calculate the remainder when c is divided by r.
4
Suppose 2*o = -2*o + 172. What is the remainder when o is divided by 23?
20
Calculate the remainder when (-2)/14 + ((-25236)/42)/(-6) is divided by 34.
32
Calculate the remainder when (-288)/(-5) + (-4)/(-10) is divided by 15.
13
Let b = 99 + -73. What is the remainder when 41 is divided by b?
15
Let u = -9 + 3. Let m(l) = -l**2 - 7*l - 1. Let y = 2 - -7. What is the remainder when y is divided by m(u)?
4
Let o(q) = 9*q + 4. Let a(r) = -4*r - 2. Let l(n) = 7*a(n) + 3*o(n). What is the remainder when l(-4) is divided by 1?
0
Let f be ((3 - 3)/(-2))/1. Let h = 3 - f. What is the remainder when h is divided by 1?
0
Let q = -14 - -10. What is the remainder when 37 is divided by (-6)/q*52/6?
11
Let t = -3 + 5. Suppose t = 3*u - 2*u. What is the remainder when 19 is divided by (1/u)/((-2)/(-40))?
9
What is the remainder when 28 is divided by (-10)/(-65) + (-315)/(-65)?
3
Let u(r) = -15*r - 5. Let y = 55 + -10. Suppose 0*j - 5*j = -y. Calculate the remainder when u(-2) is divided by j.
7
Let q(a) = -a**2 + 11*a - 7. Let y be q(7). What is the remainder when y - (0 + 0 + 0) is divided by (0 - -2) + -1 + 10?
10
Suppose 6*d = -7*d + 494. Calculate the remainder when d is divided by 12.
2
Suppose 0*m = 3*h + 4*m - 48, 5*h - 48 = 4*m. What is the remainder when 4 is divided by (-10)/4*h/(-15)?
0
What is the remainder when 40 is divided by 1 + 17 + (-6)/(-2)?
19
Let w = 81 - 70. What is the remainder when 31 is divided by w?
9
Let l be ((-10)/25)/((-2)/(-10)). Let t = l - -13. What is the remainder when 43 is divided by t?
10
Let d(z) = -5*z - 1. Let g be d(6). Let v = -21 - g. Calculate the remainder when v is divided by 1/(1/(8 - 2)).
4
Suppose -4*s - 42 = -2*s. Let p = 34 + s. Calculate the remainder when 50 is divided by p.
11
Suppose -256 = -2*p - 2*p. Calculate the remainder when 1/((4/p)/1) is divided by 6.
4
Let b be (2 - (161 - 3)) + 0. Calculate the remainder when b/(-10) - (-6)/15 is divided by 6.
4
Suppose 0*s + 693 = 11*s. Calculate the remainder when s is divided by 16.
15
Suppose 7*i - 6*i = 0. Let h(g) = g**3 + 21. Calculate the remainder when h(i) is divided by 6.
3
Let c = -60 - -100. Let b = c - 23. What is the remainder when b is divided by 2*9/(-4)*-2?
8
Suppose 2 = 2*f - 4. What is the remainder when 20 is divided by (9/(-2))/(f/(-8))?
8
Let l be ((-75)/6 + -2)*-2. Suppose 4*b - 35 = l. Let x(a) = a**3 + 5*a**2 - 6*a. Calculate the remainder when x(-5) is divided by b.
14
Calculate the remainder when 12/24 - 25/(-2) is divided by 4.
1
Let i(h) be the third derivative of 1/3*h**3 + 3*h**2 - 1/24*h**4 + 0 + 0*h. What is the remainder when 19 is divided by i(-3)?
4
Suppose -u = -61 - 1. Calculate the remainder when u is divided by 21.
20
Let a = 11 - 6. Suppose s - 84 = 4*i, -a*s + 68 = -3*i - 3*s. What is the remainder when (-1048)/i + (-3)/(-5) is divided by 14?
11
What is the remainder when -1 - (-2 - 1*4) is divided by (-10)/40 - 13/(-4)?
2
Let v(f) = f - 2. Let o be v(-9). Let i be (-3)/(-9) + 49/(-3). Let y = o - i. Calculate the remainder when 8 is divided by y.
3
Let a(h) be the third derivative of h**5/60 - h**4/24 - h**3/3 + 4*h**2. Let i be a(0). Let p = i + 9. What is the remainder when 20 is divided by p?
6
Let d(i) = 73*i - 1. Let v be d(1). Suppose 0 = -4*r + n - 3*n + 106, 3*r + 4*n - v = 0. Suppose -b + r = b. Calculate the remainder when b is divided by 5.
4
Suppose -3*l - 3*r = -42, 2 = 2*r - 6. Suppose -4*h + h = 0. Suppose q = 4*f + 3 - 18, -f - q + 5 = h. What is the remainder when l is divided by f?
2
Let n = -18 - -28. What is the remainder when n is divided by 4?
2
Suppose -3*j + 36 = -4*o, -j + 31 = 2*o + 3*o. Calculate the remainder when 141 is divided by j.
13
Let w(n) = n**3 - n + 1. Let a be w(2). Let r = a - 5. Let u(y) = -y**3 + 5*y**2 - 4*y - 1. Calculate the remainder when u(3) is divided by r.
1
Let c(s) = 14*s**2 + s + 4. Let i = 31 - 18. Let a(z) = 29*z**2 + 2*z + 9. Let q(h) = i*c(h) - 6*a(h). Calculate the remainder when q(-2) is divided by 10.
8
Let p(v) = v**2 - 5*v + 2. Let l be p(6). Let h be l/(-12) + (-8)/6. Calculate the remainder when 2/1*(-37)/h is divided by 13.
11
Let s be (0 + 1)/((-1)/(-16)). Let v(g) = -2*g + 13. Calculate the remainder when 1 - (s + 2)*-2 is divided by v(0).
11
Calcul